[INFO] fetching crate susy-wasmi-validation 0.1.0...
[INFO] building susy-wasmi-validation-0.1.0 against master#ff34b919075f35a1787659e9c448a34b06bab8de for issue-85264
[INFO] extracting crate susy-wasmi-validation 0.1.0 into /workspace/builds/worker-3/source
[INFO] validating manifest of crates.io crate susy-wasmi-validation 0.1.0 on toolchain ff34b919075f35a1787659e9c448a34b06bab8de
[INFO] running `Command { std: "/workspace/cargo-home/bin/cargo" "+ff34b919075f35a1787659e9c448a34b06bab8de" "metadata" "--manifest-path" "Cargo.toml" "--no-deps", kill_on_drop: false }`
[INFO] started tweaking crates.io crate susy-wasmi-validation 0.1.0
[INFO] finished tweaking crates.io crate susy-wasmi-validation 0.1.0
[INFO] tweaked toml for crates.io crate susy-wasmi-validation 0.1.0 written to /workspace/builds/worker-3/source/Cargo.toml
[INFO] running `Command { std: "/workspace/cargo-home/bin/cargo" "+ff34b919075f35a1787659e9c448a34b06bab8de" "generate-lockfile" "--manifest-path" "Cargo.toml" "-Zno-index-update", kill_on_drop: false }`
[INFO] [stderr]     Blocking waiting for file lock on package cache
[INFO] running `Command { std: "/workspace/cargo-home/bin/cargo" "+ff34b919075f35a1787659e9c448a34b06bab8de" "fetch" "--manifest-path" "Cargo.toml", kill_on_drop: false }`
[INFO] running `Command { std: "docker" "create" "-v" "/var/lib/crater-agent-workspace/builds/worker-3/target:/opt/rustwide/target:rw,Z" "-v" "/var/lib/crater-agent-workspace/builds/worker-3/source:/opt/rustwide/workdir:ro,Z" "-v" "/var/lib/crater-agent-workspace/cargo-home:/opt/rustwide/cargo-home:ro,Z" "-v" "/var/lib/crater-agent-workspace/rustup-home:/opt/rustwide/rustup-home:ro,Z" "-e" "SOURCE_DIR=/opt/rustwide/workdir" "-e" "CARGO_TARGET_DIR=/opt/rustwide/target" "-e" "CARGO_HOME=/opt/rustwide/cargo-home" "-e" "RUSTUP_HOME=/opt/rustwide/rustup-home" "-w" "/opt/rustwide/workdir" "-m" "1610612736" "--user" "0:0" "--network" "none" "ghcr.io/rust-lang/crates-build-env/linux@sha256:20528e8c29e4536546f0102ce88568b16ea7538393a33fcca951030f7af10457" "/opt/rustwide/cargo-home/bin/cargo" "+ff34b919075f35a1787659e9c448a34b06bab8de" "metadata" "--no-deps" "--format-version=1", kill_on_drop: false }`
[INFO] [stderr] WARNING: Your kernel does not support swap limit capabilities or the cgroup is not mounted. Memory limited without swap.
[INFO] [stdout] 24bb30d4a903b946ecf2eb7e0d6b600ce8a10797271f7cb915d0f8c5b563801b
[INFO] running `Command { std: "docker" "start" "-a" "24bb30d4a903b946ecf2eb7e0d6b600ce8a10797271f7cb915d0f8c5b563801b", kill_on_drop: false }`
[INFO] running `Command { std: "docker" "inspect" "24bb30d4a903b946ecf2eb7e0d6b600ce8a10797271f7cb915d0f8c5b563801b", kill_on_drop: false }`
[INFO] running `Command { std: "docker" "rm" "-f" "24bb30d4a903b946ecf2eb7e0d6b600ce8a10797271f7cb915d0f8c5b563801b", kill_on_drop: false }`
[INFO] [stdout] 24bb30d4a903b946ecf2eb7e0d6b600ce8a10797271f7cb915d0f8c5b563801b
[INFO] running `Command { std: "docker" "create" "-v" "/var/lib/crater-agent-workspace/builds/worker-3/target:/opt/rustwide/target:rw,Z" "-v" "/var/lib/crater-agent-workspace/builds/worker-3/source:/opt/rustwide/workdir:ro,Z" "-v" "/var/lib/crater-agent-workspace/cargo-home:/opt/rustwide/cargo-home:ro,Z" "-v" "/var/lib/crater-agent-workspace/rustup-home:/opt/rustwide/rustup-home:ro,Z" "-e" "SOURCE_DIR=/opt/rustwide/workdir" "-e" "CARGO_TARGET_DIR=/opt/rustwide/target" "-e" "CARGO_INCREMENTAL=0" "-e" "RUST_BACKTRACE=full" "-e" "RUSTFLAGS=--cap-lints=forbid" "-e" "CARGO_HOME=/opt/rustwide/cargo-home" "-e" "RUSTUP_HOME=/opt/rustwide/rustup-home" "-w" "/opt/rustwide/workdir" "-m" "1610612736" "--user" "0:0" "--network" "none" "ghcr.io/rust-lang/crates-build-env/linux@sha256:20528e8c29e4536546f0102ce88568b16ea7538393a33fcca951030f7af10457" "/opt/rustwide/cargo-home/bin/cargo" "+ff34b919075f35a1787659e9c448a34b06bab8de" "build" "--frozen" "--message-format=json", kill_on_drop: false }`
[INFO] [stdout] 4f248f9b2dd35d33c21f8845e57bc8917540915ea0ead97c9bc664da51c75cff
[INFO] [stderr] WARNING: Your kernel does not support swap limit capabilities or the cgroup is not mounted. Memory limited without swap.
[INFO] running `Command { std: "docker" "start" "-a" "4f248f9b2dd35d33c21f8845e57bc8917540915ea0ead97c9bc664da51c75cff", kill_on_drop: false }`
[INFO] [stderr]    Compiling byteorder v1.4.3
[INFO] [stderr]    Compiling susy-wasm v0.31.3
[INFO] [stderr]    Compiling susy-wasmi-validation v0.1.0 (/opt/rustwide/workdir)
[INFO] [stderr]     Finished dev [unoptimized + debuginfo] target(s) in 3.89s
[INFO] running `Command { std: "docker" "inspect" "4f248f9b2dd35d33c21f8845e57bc8917540915ea0ead97c9bc664da51c75cff", kill_on_drop: false }`
[INFO] running `Command { std: "docker" "rm" "-f" "4f248f9b2dd35d33c21f8845e57bc8917540915ea0ead97c9bc664da51c75cff", kill_on_drop: false }`
[INFO] [stdout] 4f248f9b2dd35d33c21f8845e57bc8917540915ea0ead97c9bc664da51c75cff
[INFO] running `Command { std: "docker" "create" "-v" "/var/lib/crater-agent-workspace/builds/worker-3/target:/opt/rustwide/target:rw,Z" "-v" "/var/lib/crater-agent-workspace/builds/worker-3/source:/opt/rustwide/workdir:ro,Z" "-v" "/var/lib/crater-agent-workspace/cargo-home:/opt/rustwide/cargo-home:ro,Z" "-v" "/var/lib/crater-agent-workspace/rustup-home:/opt/rustwide/rustup-home:ro,Z" "-e" "SOURCE_DIR=/opt/rustwide/workdir" "-e" "CARGO_TARGET_DIR=/opt/rustwide/target" "-e" "CARGO_INCREMENTAL=0" "-e" "RUST_BACKTRACE=full" "-e" "RUSTFLAGS=--cap-lints=forbid" "-e" "CARGO_HOME=/opt/rustwide/cargo-home" "-e" "RUSTUP_HOME=/opt/rustwide/rustup-home" "-w" "/opt/rustwide/workdir" "-m" "1610612736" "--user" "0:0" "--network" "none" "ghcr.io/rust-lang/crates-build-env/linux@sha256:20528e8c29e4536546f0102ce88568b16ea7538393a33fcca951030f7af10457" "/opt/rustwide/cargo-home/bin/cargo" "+ff34b919075f35a1787659e9c448a34b06bab8de" "test" "--frozen" "--no-run" "--message-format=json", kill_on_drop: false }`
[INFO] [stderr] WARNING: Your kernel does not support swap limit capabilities or the cgroup is not mounted. Memory limited without swap.
[INFO] [stdout] 5eab09f88a93e4c41b32229c6f8cfe987573b9522e0274506129ebdb6d88a1cd
[INFO] running `Command { std: "docker" "start" "-a" "5eab09f88a93e4c41b32229c6f8cfe987573b9522e0274506129ebdb6d88a1cd", kill_on_drop: false }`
[INFO] [stderr]     Blocking waiting for file lock on package cache
[INFO] [stderr]     Blocking waiting for file lock on package cache
[INFO] [stderr]    Compiling assert_matches v1.5.0
[INFO] [stderr]    Compiling susy-wasmi-validation v0.1.0 (/opt/rustwide/workdir)
[INFO] [stdout] error[E0659]: `assert_matches` is ambiguous (glob import vs any other name from outer scope during import/macro resolution)
[INFO] [stdout]   --> src/util.rs:92:9
[INFO] [stdout]    |
[INFO] [stdout] 92 |         assert_matches!(locals.type_of_local(0), Ok(ValueType::I32));
[INFO] [stdout]    |         ^^^^^^^^^^^^^^ ambiguous name
[INFO] [stdout]    |
[INFO] [stdout]    = note: `assert_matches` could refer to a macro from prelude
[INFO] [stdout] note: `assert_matches` could also refer to the macro imported here
[INFO] [stdout]   --> src/util.rs:84:9
[INFO] [stdout]    |
[INFO] [stdout] 84 |     use super::*;
[INFO] [stdout]    |         ^^^^^^^^
[INFO] [stdout]    = help: consider adding an explicit import of `assert_matches` to disambiguate
[INFO] [stdout]    = help: or use `self::assert_matches` to refer to this macro unambiguously
[INFO] [stdout] 
[INFO] [stdout] 
[INFO] [stdout] error[E0659]: `assert_matches` is ambiguous (glob import vs any other name from outer scope during import/macro resolution)
[INFO] [stdout]   --> src/util.rs:93:9
[INFO] [stdout]    |
[INFO] [stdout] 93 |         assert_matches!(locals.type_of_local(1), Ok(ValueType::I64));
[INFO] [stdout]    |         ^^^^^^^^^^^^^^ ambiguous name
[INFO] [stdout]    |
[INFO] [stdout]    = note: `assert_matches` could refer to a macro from prelude
[INFO] [stdout] note: `assert_matches` could also refer to the macro imported here
[INFO] [stdout]   --> src/util.rs:84:9
[INFO] [stdout]    |
[INFO] [stdout] 84 |     use super::*;
[INFO] [stdout]    |         ^^^^^^^^
[INFO] [stdout]    = help: consider adding an explicit import of `assert_matches` to disambiguate
[INFO] [stdout]    = help: or use `self::assert_matches` to refer to this macro unambiguously
[INFO] [stdout] 
[INFO] [stdout] 
[INFO] [stdout] error[E0659]: `assert_matches` is ambiguous (glob import vs any other name from outer scope during import/macro resolution)
[INFO] [stdout]   --> src/util.rs:94:9
[INFO] [stdout]    |
[INFO] [stdout] 94 |         assert_matches!(locals.type_of_local(2), Ok(ValueType::F32));
[INFO] [stdout]    |         ^^^^^^^^^^^^^^ ambiguous name
[INFO] [stdout]    |
[INFO] [stdout]    = note: `assert_matches` could refer to a macro from prelude
[INFO] [stdout] note: `assert_matches` could also refer to the macro imported here
[INFO] [stdout]   --> src/util.rs:84:9
[INFO] [stdout]    |
[INFO] [stdout] 84 |     use super::*;
[INFO] [stdout]    |         ^^^^^^^^
[INFO] [stdout]    = help: consider adding an explicit import of `assert_matches` to disambiguate
[INFO] [stdout]    = help: or use `self::assert_matches` to refer to this macro unambiguously
[INFO] [stdout] 
[INFO] [stdout] 
[INFO] [stdout] error[E0659]: `assert_matches` is ambiguous (glob import vs any other name from outer scope during import/macro resolution)
[INFO] [stdout]   --> src/util.rs:95:9
[INFO] [stdout]    |
[INFO] [stdout] 95 |         assert_matches!(locals.type_of_local(3), Ok(ValueType::F32));
[INFO] [stdout]    |         ^^^^^^^^^^^^^^ ambiguous name
[INFO] [stdout]    |
[INFO] [stdout]    = note: `assert_matches` could refer to a macro from prelude
[INFO] [stdout] note: `assert_matches` could also refer to the macro imported here
[INFO] [stdout]   --> src/util.rs:84:9
[INFO] [stdout]    |
[INFO] [stdout] 84 |     use super::*;
[INFO] [stdout]    |         ^^^^^^^^
[INFO] [stdout]    = help: consider adding an explicit import of `assert_matches` to disambiguate
[INFO] [stdout]    = help: or use `self::assert_matches` to refer to this macro unambiguously
[INFO] [stdout] 
[INFO] [stdout] 
[INFO] [stdout] error[E0659]: `assert_matches` is ambiguous (glob import vs any other name from outer scope during import/macro resolution)
[INFO] [stdout]   --> src/util.rs:96:9
[INFO] [stdout]    |
[INFO] [stdout] 96 |         assert_matches!(locals.type_of_local(4), Ok(ValueType::F64));
[INFO] [stdout]    |         ^^^^^^^^^^^^^^ ambiguous name
[INFO] [stdout]    |
[INFO] [stdout]    = note: `assert_matches` could refer to a macro from prelude
[INFO] [stdout] note: `assert_matches` could also refer to the macro imported here
[INFO] [stdout]   --> src/util.rs:84:9
[INFO] [stdout]    |
[INFO] [stdout] 84 |     use super::*;
[INFO] [stdout]    |         ^^^^^^^^
[INFO] [stdout]    = help: consider adding an explicit import of `assert_matches` to disambiguate
[INFO] [stdout]    = help: or use `self::assert_matches` to refer to this macro unambiguously
[INFO] [stdout] 
[INFO] [stdout] 
[INFO] [stdout] error[E0659]: `assert_matches` is ambiguous (glob import vs any other name from outer scope during import/macro resolution)
[INFO] [stdout]   --> src/util.rs:97:9
[INFO] [stdout]    |
[INFO] [stdout] 97 |         assert_matches!(locals.type_of_local(5), Ok(ValueType::F64));
[INFO] [stdout]    |         ^^^^^^^^^^^^^^ ambiguous name
[INFO] [stdout]    |
[INFO] [stdout]    = note: `assert_matches` could refer to a macro from prelude
[INFO] [stdout] note: `assert_matches` could also refer to the macro imported here
[INFO] [stdout]   --> src/util.rs:84:9
[INFO] [stdout]    |
[INFO] [stdout] 84 |     use super::*;
[INFO] [stdout]    |         ^^^^^^^^
[INFO] [stdout]    = help: consider adding an explicit import of `assert_matches` to disambiguate
[INFO] [stdout]    = help: or use `self::assert_matches` to refer to this macro unambiguously
[INFO] [stdout] 
[INFO] [stdout] 
[INFO] [stdout] error[E0659]: `assert_matches` is ambiguous (glob import vs any other name from outer scope during import/macro resolution)
[INFO] [stdout]   --> src/util.rs:98:9
[INFO] [stdout]    |
[INFO] [stdout] 98 |         assert_matches!(locals.type_of_local(6), Err(_));
[INFO] [stdout]    |         ^^^^^^^^^^^^^^ ambiguous name
[INFO] [stdout]    |
[INFO] [stdout]    = note: `assert_matches` could refer to a macro from prelude
[INFO] [stdout] note: `assert_matches` could also refer to the macro imported here
[INFO] [stdout]   --> src/util.rs:84:9
[INFO] [stdout]    |
[INFO] [stdout] 84 |     use super::*;
[INFO] [stdout]    |         ^^^^^^^^
[INFO] [stdout]    = help: consider adding an explicit import of `assert_matches` to disambiguate
[INFO] [stdout]    = help: or use `self::assert_matches` to refer to this macro unambiguously
[INFO] [stdout] 
[INFO] [stdout] 
[INFO] [stdout] error[E0659]: `assert_matches` is ambiguous (glob import vs any other name from outer scope during import/macro resolution)
[INFO] [stdout]    --> src/util.rs:106:9
[INFO] [stdout]     |
[INFO] [stdout] 106 |         assert_matches!(locals.type_of_local(0), Ok(ValueType::I32));
[INFO] [stdout]     |         ^^^^^^^^^^^^^^ ambiguous name
[INFO] [stdout]     |
[INFO] [stdout]     = note: `assert_matches` could refer to a macro from prelude
[INFO] [stdout] note: `assert_matches` could also refer to the macro imported here
[INFO] [stdout]    --> src/util.rs:84:9
[INFO] [stdout]     |
[INFO] [stdout] 84  |     use super::*;
[INFO] [stdout]     |         ^^^^^^^^
[INFO] [stdout]     = help: consider adding an explicit import of `assert_matches` to disambiguate
[INFO] [stdout]     = help: or use `self::assert_matches` to refer to this macro unambiguously
[INFO] [stdout] 
[INFO] [stdout] 
[INFO] [stdout] error[E0659]: `assert_matches` is ambiguous (glob import vs any other name from outer scope during import/macro resolution)
[INFO] [stdout]    --> src/util.rs:107:9
[INFO] [stdout]     |
[INFO] [stdout] 107 |         assert_matches!(locals.type_of_local(1), Err(_));
[INFO] [stdout]     |         ^^^^^^^^^^^^^^ ambiguous name
[INFO] [stdout]     |
[INFO] [stdout]     = note: `assert_matches` could refer to a macro from prelude
[INFO] [stdout] note: `assert_matches` could also refer to the macro imported here
[INFO] [stdout]    --> src/util.rs:84:9
[INFO] [stdout]     |
[INFO] [stdout] 84  |     use super::*;
[INFO] [stdout]     |         ^^^^^^^^
[INFO] [stdout]     = help: consider adding an explicit import of `assert_matches` to disambiguate
[INFO] [stdout]     = help: or use `self::assert_matches` to refer to this macro unambiguously
[INFO] [stdout] 
[INFO] [stdout] 
[INFO] [stdout] error[E0659]: `assert_matches` is ambiguous (glob import vs any other name from outer scope during import/macro resolution)
[INFO] [stdout]    --> src/util.rs:115:9
[INFO] [stdout]     |
[INFO] [stdout] 115 |         assert_matches!(locals.type_of_local(0), Ok(ValueType::I32));
[INFO] [stdout]     |         ^^^^^^^^^^^^^^ ambiguous name
[INFO] [stdout]     |
[INFO] [stdout]     = note: `assert_matches` could refer to a macro from prelude
[INFO] [stdout] note: `assert_matches` could also refer to the macro imported here
[INFO] [stdout]    --> src/util.rs:84:9
[INFO] [stdout]     |
[INFO] [stdout] 84  |     use super::*;
[INFO] [stdout]     |         ^^^^^^^^
[INFO] [stdout]     = help: consider adding an explicit import of `assert_matches` to disambiguate
[INFO] [stdout]     = help: or use `self::assert_matches` to refer to this macro unambiguously
[INFO] [stdout] 
[INFO] [stdout] 
[INFO] [stdout] error[E0659]: `assert_matches` is ambiguous (glob import vs any other name from outer scope during import/macro resolution)
[INFO] [stdout]    --> src/util.rs:116:9
[INFO] [stdout]     |
[INFO] [stdout] 116 |         assert_matches!(locals.type_of_local(1), Ok(ValueType::I32));
[INFO] [stdout]     |         ^^^^^^^^^^^^^^ ambiguous name
[INFO] [stdout]     |
[INFO] [stdout]     = note: `assert_matches` could refer to a macro from prelude
[INFO] [stdout] note: `assert_matches` could also refer to the macro imported here
[INFO] [stdout]    --> src/util.rs:84:9
[INFO] [stdout]     |
[INFO] [stdout] 84  |     use super::*;
[INFO] [stdout]     |         ^^^^^^^^
[INFO] [stdout]     = help: consider adding an explicit import of `assert_matches` to disambiguate
[INFO] [stdout]     = help: or use `self::assert_matches` to refer to this macro unambiguously
[INFO] [stdout] 
[INFO] [stdout] 
[INFO] [stdout] error[E0659]: `assert_matches` is ambiguous (glob import vs any other name from outer scope during import/macro resolution)
[INFO] [stdout]    --> src/util.rs:117:9
[INFO] [stdout]     |
[INFO] [stdout] 117 |         assert_matches!(locals.type_of_local(2), Ok(ValueType::I64));
[INFO] [stdout]     |         ^^^^^^^^^^^^^^ ambiguous name
[INFO] [stdout]     |
[INFO] [stdout]     = note: `assert_matches` could refer to a macro from prelude
[INFO] [stdout] note: `assert_matches` could also refer to the macro imported here
[INFO] [stdout]    --> src/util.rs:84:9
[INFO] [stdout]     |
[INFO] [stdout] 84  |     use super::*;
[INFO] [stdout]     |         ^^^^^^^^
[INFO] [stdout]     = help: consider adding an explicit import of `assert_matches` to disambiguate
[INFO] [stdout]     = help: or use `self::assert_matches` to refer to this macro unambiguously
[INFO] [stdout] 
[INFO] [stdout] 
[INFO] [stdout] error[E0659]: `assert_matches` is ambiguous (glob import vs any other name from outer scope during import/macro resolution)
[INFO] [stdout]    --> src/util.rs:118:9
[INFO] [stdout]     |
[INFO] [stdout] 118 |         assert_matches!(locals.type_of_local(3), Ok(ValueType::I64));
[INFO] [stdout]     |         ^^^^^^^^^^^^^^ ambiguous name
[INFO] [stdout]     |
[INFO] [stdout]     = note: `assert_matches` could refer to a macro from prelude
[INFO] [stdout] note: `assert_matches` could also refer to the macro imported here
[INFO] [stdout]    --> src/util.rs:84:9
[INFO] [stdout]     |
[INFO] [stdout] 84  |     use super::*;
[INFO] [stdout]     |         ^^^^^^^^
[INFO] [stdout]     = help: consider adding an explicit import of `assert_matches` to disambiguate
[INFO] [stdout]     = help: or use `self::assert_matches` to refer to this macro unambiguously
[INFO] [stdout] 
[INFO] [stdout] 
[INFO] [stdout] error[E0659]: `assert_matches` is ambiguous (glob import vs any other name from outer scope during import/macro resolution)
[INFO] [stdout]    --> src/util.rs:119:9
[INFO] [stdout]     |
[INFO] [stdout] 119 |         assert_matches!(locals.type_of_local(4), Ok(ValueType::I64));
[INFO] [stdout]     |         ^^^^^^^^^^^^^^ ambiguous name
[INFO] [stdout]     |
[INFO] [stdout]     = note: `assert_matches` could refer to a macro from prelude
[INFO] [stdout] note: `assert_matches` could also refer to the macro imported here
[INFO] [stdout]    --> src/util.rs:84:9
[INFO] [stdout]     |
[INFO] [stdout] 84  |     use super::*;
[INFO] [stdout]     |         ^^^^^^^^
[INFO] [stdout]     = help: consider adding an explicit import of `assert_matches` to disambiguate
[INFO] [stdout]     = help: or use `self::assert_matches` to refer to this macro unambiguously
[INFO] [stdout] 
[INFO] [stdout] 
[INFO] [stdout] error[E0659]: `assert_matches` is ambiguous (glob import vs any other name from outer scope during import/macro resolution)
[INFO] [stdout]    --> src/util.rs:120:9
[INFO] [stdout]     |
[INFO] [stdout] 120 |         assert_matches!(locals.type_of_local(5), Err(_));
[INFO] [stdout]     |         ^^^^^^^^^^^^^^ ambiguous name
[INFO] [stdout]     |
[INFO] [stdout]     = note: `assert_matches` could refer to a macro from prelude
[INFO] [stdout] note: `assert_matches` could also refer to the macro imported here
[INFO] [stdout]    --> src/util.rs:84:9
[INFO] [stdout]     |
[INFO] [stdout] 84  |     use super::*;
[INFO] [stdout]     |         ^^^^^^^^
[INFO] [stdout]     = help: consider adding an explicit import of `assert_matches` to disambiguate
[INFO] [stdout]     = help: or use `self::assert_matches` to refer to this macro unambiguously
[INFO] [stdout] 
[INFO] [stdout] 
[INFO] [stdout] error[E0659]: `assert_matches` is ambiguous (glob import vs any other name from outer scope during import/macro resolution)
[INFO] [stdout]    --> src/util.rs:129:9
[INFO] [stdout]     |
[INFO] [stdout] 129 |         assert_matches!(Locals::new(&[], &local_groups), Err(_));
[INFO] [stdout]     |         ^^^^^^^^^^^^^^ ambiguous name
[INFO] [stdout]     |
[INFO] [stdout]     = note: `assert_matches` could refer to a macro from prelude
[INFO] [stdout] note: `assert_matches` could also refer to the macro imported here
[INFO] [stdout]    --> src/util.rs:84:9
[INFO] [stdout]     |
[INFO] [stdout] 84  |     use super::*;
[INFO] [stdout]     |         ^^^^^^^^
[INFO] [stdout]     = help: consider adding an explicit import of `assert_matches` to disambiguate
[INFO] [stdout]     = help: or use `self::assert_matches` to refer to this macro unambiguously
[INFO] [stdout] 
[INFO] [stdout] 
[INFO] [stdout] error: aborting due to 16 previous errors
[INFO] [stdout] 
[INFO] [stdout] 
[INFO] [stdout] For more information about this error, try `rustc --explain E0659`.
[INFO] [stdout] 
[INFO] [stderr] error: could not compile `susy-wasmi-validation`
[INFO] [stderr] 
[INFO] [stderr] To learn more, run the command again with --verbose.
[INFO] running `Command { std: "docker" "inspect" "5eab09f88a93e4c41b32229c6f8cfe987573b9522e0274506129ebdb6d88a1cd", kill_on_drop: false }`
[INFO] running `Command { std: "docker" "rm" "-f" "5eab09f88a93e4c41b32229c6f8cfe987573b9522e0274506129ebdb6d88a1cd", kill_on_drop: false }`
[INFO] [stdout] 5eab09f88a93e4c41b32229c6f8cfe987573b9522e0274506129ebdb6d88a1cd
